1083aa6b?
-1083aa68
In base 9, what is 346 - -35144?
35501
In base 6, what is 35504500 + 503?
35505403
In base 6, what is 14 - -15304505?
15304523
In base 12, what is -6b131 + -1b17?
-71048
In base 13, what is -1860 + -ba4?
-2734
In base 11, what is 544867 + 34?
5448a0
In base 10, what is 36628 + 1564?
38192
In base 9, what is -3044 + 2576?
-357
In base 6, what is 4532553 - 200?
4532353
In base 14, what is a5 + -1443?
-137c
In base 9, what is -18 - 2388603?
-2388622
In base 2, what is 11 - 111100101101100110101?
-111100101101100110010
In base 5, what is 3140 - -2011044?
2014234
In base 9, what is 50 - 6858245?
-6858185
In base 7, what is 5053 - -1061?
6144
In base 2, what is 10111 + -1100100110011001010?
-1100100110010110011
In base 9, what is -480817 + -47?
-480865
In base 9, what is -360640 + -71?
-360721
In base 4, what is 10 + -2002220311020?
-2002220311010
In base 10, what is 40629 - -93?
40722
In base 15, what is 109a - -370?
141a
In base 16, what is 4 - 10d5ed7?
-10d5ed3
In base 7, what is -153606 - -5513?
-145063
In base 2, what is -1010101101010111 + -10010111001?
-1011000000010000
In base 7, what is 2052 + 242653?
245035
In base 8, what is 133444452 - 6?
133444444
In base 6, what is 1041422 - -21355?
1103221
In base 7, what is -63005 - -11052?
-51623
In base 6, what is 1334130 + 10055?
1344225
In base 2, what is -11000111011111110001 - -10100?
-11000111011111011101
In base 6, what is -20540 - -3322310?
3301330
In base 16, what is -32fc37 + 1?
-32fc36
In base 9, what is 361078 + -33?
361045
In base 12, what is 1bb2 - aba7?
-8bb5
In base 7, what is -212256161 + -5?
-212256166
In base 4, what is 102 - -12102111311?
12102112013
In base 13, what is -2150b + -4?
-21512
In base 6, what is -250 - 101442?
-102132
In base 15, what is -3c6 - -a7773?
a739c
In base 4, what is 2032230221 - -1?
2032230222
In base 11, what is -3 - -54a2732?
54a272a
In base 3, what is 11 - 1102110100121020?
-1102110100121002
In base 12, what is 1395928 - -34?
1395960
In base 14, what is 75 - -45021?
45096
In base 14, what is -1 + -70ca6?
-70ca7
In base 4, what is 20133313333 + -210?
20133313123
In base 7, what is 4202 - 1506?
2363
In base 14, what is 30c - -19292?
195a0
In base 11, what is 14a89a + -26?
14a874
In base 11, what is -4 + -30919844?
-30919848
In base 15, what is -10a473ed - -2?
-10a473eb
In base 4, what is 110013102122 + 312?
110013103100
In base 9, what is -61361 + 11514?
-48746
In base 3, what is -1122201211010211 - 2?
-1122201211010220
In base 15, what is -87d0a + 4b?
-87cae
In base 10, what is -102013 - 3161?
-105174
In base 4, what is -3 - 131011213222?
-131011213231
In base 10, what is -1477 - -14810?
13333
In base 11, what is 6697452 - 2?
6697450
In base 7, what is -564 - -3306131?
3305234
In base 13, what is 56c - 8115?
-7876
In base 12, what is -1a39 - 14188?
-16005
In base 9, what is -1477658555 - 5?
-1477658561
In base 11, what is 733385 - 61?
733324
In base 14, what is 0 - -9237a92?
9237a92
In base 12, what is 5 + 621728?
621731
In base 16, what is 9 + -190b7c0?
-190b7b7
In base 11, what is -22601 - -266?
-22346
In base 10, what is -626 + 1411?
785
In base 12, what is 585 + -8598?
-8013
In base 6, what is 113 + -1112400?
-1112243
In base 12, what is -6585 + b946?
5381
In base 4, what is -11121313323 + 3202?
-11121310121
In base 9, what is 2677 + 838?
3626
In base 4, what is -1013 + 332000012?
331332333
In base 8, what is 22517 - 14232?
6265
In base 11, what is 1348 - 8a07?
-766a
In base 2, what is -1000001110000 + -11100011?
-1000101010011
In base 8, what is -316 + -654570?
-655106
In base 14, what is 7 - -15d330?
15d337
In base 6, what is -2212454 - -451?
-2212003
In base 15, what is acbeb1 - e?
acbea2
In base 9, what is 4582 - -356128?
361721
In base 3, what is -1020012022 + 110020221?
-202221101
In base 4, what is 3013012003 - 0?
3013012003
In base 14, what is 0 + 29aaadc?
29aaadc
In base 14, what is 5b5a6 + -8?
5b59c
In base 16, what is -132ecd6 - -10?
-132ecc6
In base 10, what is 668569 - 22?
668547
In base 13, what is -28 - 299635?
-299660
In base 12, what is 7 - 65b7619?
-65b7612
In base 5, what is 230 + -1004124?
-1003344
In base 2, what is 111 + -101000011100010111010?
-101000011100010110011
In base 3, what is -100220 - 112200002220?
-112200110210
In base 11, what is -1 + -83a6914a?
-83a69150
In base 7, what is -6 - 53025340?
-53025346
In base 5, what is 220130220 + -2034?
220123131
In base 5, what is -33 + -244214143?
-244214231
In base 6, what is 5003022030 - 14?
5003022012
In base 4, what is -33222321111132 + -11?
-33222321111203
In base 15, what is -16eb + -3d84?
-5580
In base 7, what is 130613612 - 1?
130613611
In base 6, what is 0 + -34221254445?
-34221254445
In base 10, what is 9 + 38965804?
38965813
In base 4, what is -1033133113 - 32312?
-1033232031
In base 11, what is 554 - 44a20a?
-449766
In base 11, what is 30 - -87645?
87675
In base 8, what is -11123 + 30570?
17445
In base 6, what is -25 + 12531525?
12531500
In base 5, what is 44112321012 - -10?
44112321022
In base 9, what is 166873673 + 7?
166873681
In base 16, what is cd033 + -1?
cd032
In base 16, what is 1568c0d - -3?
1568c10
In base 12, what is -275 + 57642?
57389
In base 3, what is -102221211200 - -1012?
-102221210111
In base 16, what is d - a79a?
-a78d
In base 6, what is 2253041 - 21?
2253020
In base 12, what is 5 - 7a855?
-7a850
In base 8, what is 277727060 + -1?
277727057
In base 3, what is -12211 + -2021021002?
-2021110220
In base 13, what is 7c050 + 181?
7c201
In base 16, what is -df3 - -9d2?
-421
In base 11, what is -63915aa - -3?
-63915a7
In base 10, what is -91997740 + 0?
-91997740
In base 10, what is 2114 - 16157?
-14043
In base 7, what is -4643463 + -3662?
-4650455
In base 9, what is -7018402 + -12?
-7018414
In base 5, what is 1024 - -103102142?
103103221
In base 9, what is 121255037 + -4?
121255033
In base 8, what is -11 + 60316?
60305
In base 7, what is -1216 - 3513?
-5032
In base 14, what is -11d0d + 4092?
-bc5b
In base 13, what is 1321b54 + -51?
1321b03
In base 16, what is 1d + -1696c6?
-1696a9
In base 15, what is -81ad7 + -c6?
-81bad
In base 10, what is -38363 + 10?
-38353
In base 8, what is -173 + -33333250?
-33333443
In base 9, what is -64502688 + -5?
-64502704
In base 14, what is -5 + -216827?
-21682c
In base 4, what is -11010 + 300103103?
300032033
In base 3, what is -1001022020111101 - 121?
-1001022020111222
In base 14, what is 4aa812 - 3?
4aa80d
In base 4, what is -1021101100232 + -2?
-1021101100300
In base 2, what is -10010100110000 - -1111000000?
-10000101110000
In base 8, what is -1541 + 24264?
22523
In base 6, what is -1 + 1233454535?
1233454534
In base 7, what is -5250 - 24663?
-33243
In base 4, what is 3 + -1010132322300?
-1010132322231
In base 11, what is -43a7 - 7629?
-10a25
In base 12, what is 8a688a0 + 1?
8a688a1
In base 9, what is 2787 - 1885?
802
In base 13, what is 6b14257 - a?
6b1424a
In base 4, what is -122032 - 1203003?
-1331101
In base 16, what is -6279c5 + 5?
-6279c0
In base 2, what is -1010 - 10110000001100101010?
-10110000001100110100
In base 12, what is 10241657 - -b?
10241666
In base 8, what is -27027 + -44?
-27073
In base 4, what is 1022002 - -203113120?
210201122
In base 6, what is -1315513044 + 10?
-1315513034
In base 11, what is -257 - 138a8?
-14054
In base 9, what is 2336 - 17747?
-15411
In base 2, what is -101011 + -110101110100000000001101?
-110101110100000000111000
In base 2, what is -1000000000001111100100111 - 0?
-1000000000001111100100111
In base 3, what is -21 + 110120100120210221?
110120100120210200
In base 8, what is 24472247 + -432?
24471615
In base 14, what is -c + 3432a5?
343297
In base 14, what is 0 - -4a010c5?
4a010c5
In base 11, what is 254398 - -24?
254411
In base 13, what is -17752 + 244?
-1750b
In base 4, what is 11122 + -12202020302?
-12202003120
In base 16, what is 2f84 + 5ff7?
8f7b
In base 5, what is 10214 + 1023324?
1034043
In base 7, what is 155553 - 20455?
135065
In base 9, what is -1042401286 - 5?
-1042401302
In base 16, what is -283 + -baad?
-bd30
In base 6, what is -3 - -24351512?
24351505
In base 10, what is -207062 + -31?
-207093
In base 12, what is 68 - -a666a?
a6716
In base 10, what is -29787 + -177?
-29964
In base 14, what is -23a851 + 1?
-23a850
In base 15, what is 653 - -30b?
95e
